 = -5*x**3 - 2*x**2 + 2*x + 1. Calculate the remainder when y(-2) is divided by 24/(-10)*((-90)/4)/9.
5
Let o(g) = 11*g - 12*g + 30 - 9. Calculate the remainder when 117 is divided by o(-3).
21
Let q = -911 + 920. Suppose 2*b + 3*w - 2*w = 12, -4*w = -3*b - 4. Suppose 56 - b = 2*n. Calculate the remainder when n is divided by q.
8
Suppose 0 = -3*i - 10 - 11. What is the remainder when 93 is divided by (-24)/i*6/((-24)/(-28))?
21
Let m(x) = x**2 - 14*x - 14. Let d(p) = -2*p**2 + 2*p + 4. Let j be d(-2). Let b be j/6 + 825/45. What is the remainder when m(b) is divided by 13?
11
Suppose -11*d + 75 + 266 = 0. What is the remainder when 1051 is divided by d?
28
Let t(q) = 17*q - 158. What is the remainder when t(15) is divided by 50?
47
Let o = 40 - -5. What is the remainder when 449 is divided by o?
44
Let f be (3/2)/(3/4). Let q = 65 + -54. Calculate the remainder when q is divided by 1*(17 + -3)/f.
4
Calculate the remainder when (-33)/(4 + 115/(-25)) is divided by 10.
5
Suppose -2*u - 42 = -x - u, u = 5. Suppose -7*p = -9*p. Suppose -4*y + 39 = -5*q, 2*y + p*y + 3*q = x. Calculate the remainder when 47 is divided by y.
15
Let q(a) = a**2 + 3*a + 13. Calculate the remainder when 50 is divided by q(0).
11
Let j(v) = -6*v**3 + 8*v**2 - 13. Calculate the remainder when 265 is divided by j(-2).
64
Let g(q) = -18*q + 20. Calculate the remainder when 77 is divided by g(0).
17
Let s be (-3)/(5/(275/(-15))). Suppose 0 = -a + 18 + s. What is the remainder when a is divided by 11?
7
Let j = 14 - 10. Let v(a) = -a**2 - 10*a - 1. Let t(c) = c**2 + 10*c + 2. Let i(x) = -7*t(x) - 6*v(x). Calculate the remainder when i(-7) is divided by j.
1
Let r(j) = 19*j**2 - 2*j - 3. Let c = -15 - -14. Calculate the remainder when 29 is divided by r(c).
11
Let r(t) = 17*t - 46. Let m be r(13). Let h = m - 173. Calculate the remainder when 12 is divided by h.
0
Suppose 7*f - 192 = 179. What is the remainder when 154 is divided by f?
48
Let v(i) be the third derivative of -i**6/120 - i**5/12 + i**4/24 + 7*i**3/6 - i**2. Let m be v(-5). What is the remainder when 13 is divided by 5/(1*2/m)?
3
Let v(k) = -k**3 + 10*k**2 - 2*k + 19. Let i be v(10). Let w = 3 - i. What is the remainder when w is divided by 2?
0
Let y = 511 - 435. What is the remainder when y is divided by 22?
10
What is the remainder when 34 is divided by (1 + -1)/(-29 + 26) + 29?
5
Let o(i) = i**2. Let y be o(1). What is the remainder when 110 is divided by (((-252)/(-3))/3)/y?
26
Let f(c) = -c + 1. Let r(x) = 3*x - 6. Let n(k) = 12*f(k) + 3*r(k). What is the remainder when n(-11) is divided by 10?
7
Suppose -a + 21 + 0 = 0. What is the remainder when a is divided by 13?
8
Let b = -3 - -8. Let r = 0 + -2. What is the remainder when 2/(r/14*-2) is divided by b?
2
Suppose 0 = -3*i + f, -2*i - 2*f = -i - 7. Suppose -1028 = -n - 1026. What is the remainder when i/2 + (-55)/(-10) is divided by n?
0
Let g(k) = 9 - 18*k - 2*k + 5 - 3. What is the remainder when g(-8) is divided by 43?
42
Let n = -253 + 260. What is the remainder when n is divided by 4?
3
Suppose -11*r = -14*r + 4*q + 95, 0 = 5*r + 3*q - 197. Calculate the remainder when 130 is divided by r.
19
Let l = -5 - -8. Suppose -25 + 166 = l*b. Suppose -10*i - 15*i + 625 = 0. What is the remainder when b is divided by i?
22
Suppose -4*w - 9 = 5*l + 140, 2*l - 145 = 5*w. Let d = -19 - w. Suppose 3*v + v - d = 0. Calculate the remainder when 7 is divided by v.
1
Let i = 100 - 51. Let q = 160 - 153. Suppose -q*x + 128 = 37. What is the remainder when i is divided by x?
10
Let q = 26 + 34. Suppose -311 - q = -7*g. Let k = 35 - 21. Calculate the remainder when g is divided by k.
11
Suppose -5*j + 525 = 2*o, j - 101 = -3*o + 17. What is the remainder when j is divided by 27?
22
Suppose 114*k = 115*k - 189. What is the remainder when k is divided by 16?
13
Suppose 2*y - 9*y + 231 = 0. Calculate the remainder when 79 is divided by y.
13
Let b(h) = -h - 6. Let o be b(0). What is the remainder when (8/o)/(40/(-1740)) is divided by 12?
10
Suppose 3*a - 5*o = -351 + 129, 3*a + 216 = 3*o. Let x = 83 + 55. Let j = x + a. What is the remainder when j is divided by 14?
13
Let m = 26 + -10. What is the remainder when 124/(-6)*(-5 - -16 - 14) is divided by m?
14
Let z(h) = 8*h - 46. What is the remainder when 124 is divided by z(8)?
16
Suppose -4*v = -68 - 20. Let g(z) = -z**3 + 7*z**2 - 10*z + 5. Let n be g(5). Suppose -64 = n*c - 6*c. Calculate the remainder when c is divided by v.
20
Suppose 17 = q + 4*d, -4*d + 17 = -4*q + 125. What is the remainder when 96 is divided by q?
21
Let q = 306 + -277. What is the remainder when 258 is divided by q?
26
Let u(d) = 3*d + 9. Let g be u(-5). Let h(j) = -j - 2. Let b(t) = 2*t + 3. Let k(n) = -3*b(n) - 4*h(n). What is the remainder when 31 is divided by k(g)?
9
Suppose -3390 = -12*a - 42. Calculate the remainder when a is divided by 35.
34
Suppose 14*b - 225 = 55. What is the remainder when 157 is divided by b?
17
Suppose -5*v - 4*d = -2*d - 20, -4*v + 5*d - 17 = 0. Let b = 40 - 24. Calculate the remainder when (-46*2)/(-4 + v) is divided by b.
14
Let u = 22 + -17. Suppose 54 = i + u*m, 5*m + 82 + 20 = 3*i. What is the remainder when 153 is divided by i?
36
Let s = -44 - -53. Calculate the remainder when 13 is divided by s.
4
Let h(t) = t + 30. Let d(v) = 2*v**2 - 2*v - 3. What is the remainder when h(0) is divided by d(-2)?
3
Suppose -2*w - l = -29, -4*w - l + 25 = -34. Calculate the remainder when 1213 is divided by w.
13
Let t(j) = -7*j**2 - 3*j - 4. Let v(f) = -f**2 + f + 1. Let u(p) = -t(p) - 6*v(p). Suppose -m + 10 + 17 = 0. Calculate the remainder when m is divided by u(-1).
13
Let m(o) = -o**3 + 58*o**2 + o - 45. What is the remainder when 184 is divided by m(58)?
2
Suppose 27*h - 22*h = k - 66, 3*k - h - 128 = 0. What is the remainder when 107 is divided by k?
25
Let j = -2530 - -3079. Calculate the remainder when j is divided by 12.
9
Let k be ((-18)/5)/(1/20). Suppose 71*w + 120 = 65*w. Let l = w - k. Calculate the remainder when l is divided by 11.
8
Let f(t) = -47*t + 10. Let s be f(2). Calculate the remainder when 165 is divided by 1/(-7) - 3540/s.
39
Let d = 205 + 703. Suppose 4*b - 4*i + i = d, 0 = -4*b - 5*i + 908. Let k = -117 + b. What is the remainder when k is divided by 28?
26
Let j be 78/15 - (-2)/(-10). What is the remainder when (3*(29 - 0))/1 is divided by (j + 7)/(2/5)?
27
Suppose 0 = 3*i - 5*x - 1048, -i - 2*i + 3*x + 1050 = 0. What is the remainder when i is divided by 32?
31
Suppose -3*a - 5 = -4*a. Suppose 142 = 5*z - 3*t, -4*z + 113 = 10*t - 13*t. Calculate the remainder when z is divided by a.
4
Let k(s) = -2*s**3 + 20*s**2 - 14*s - 10. Calculate the remainder when 101 is divided by k(9).
23
Let r = -328 + 416. What is the remainder when r is divided by 25?
13
Suppose 4*p = 5*p + 3*p. Suppose -m - 1 + 33 = p. What is the remainder when m is divided by 7?
4
Let m(r) = -r**3 + 6*r**2 + r - 4. Let u be m(6). Suppose 0 = 3*c - z - 4, 2*c - 2*z - u - 2 = 0. Calculate the remainder when 98 is divided by c*(-15)/(-3)*5.
23
Suppose 6*c = -3*u + 5*c + 387, -3*u = 3*c - 387. Suppose 5*h = v - 69, 4*v - 3*h - u = 79. Calculate the remainder when v is divided by 13.
10
Let g be (-1)/(-1 - (-18)/20). Suppose -2*y + 7*y = 4*b - 31, 2*y - g = -4*b. What is the remainder when 18 is divided by b?
2
Let v = -47 - -115. Suppose -2*r + 6*r - v = 0. Calculate the remainder when 31 is divided by r.
14
Suppose 18 - 31 = -j. Calculate the remainder when 38 is divided by j.
12
Let g = 848 - 787. Calculate the remainder when 425 is divided by g.
59
Calculate the remainder when -9*(114/(-18) - 2) is divided by 17.
7
Let g = -26 + 42. Let j = g - 17. What is the remainder when (-30 - (0 + -1))/j is divided by 10?
9
Calculate the remainder when (1 + -8 + 2)*(20 + -23) is divided by 8.
7
Suppose -8*q + 11*q = 138. Calculate the remainder when q is divided by 16.
14
Let s(y) = y**2 - 10*y + 14. What is the remainder when 563 is divided by s(22)?
7
Let d = -5 - -37. Let k(f) = 2*f**3 - 3*f + 2. Suppose 4*r = 4 + 4. Calculate the remainder when d is divided by k(r).
8
Suppose -2*j + 2*r + 162 = 0, 4*j + 75 - 429 = -2*r. Calculate the remainder when j is divided by 22.
20
What is the remainder when 7 is divided by (-4)/7 + (-936)/(-